
-357
In base 15, what is -2 - 14a?
-14c
In base 13, what is 6 + -16?
-10
In base 3, what is -221212 + 10?
-221202
In base 10, what is -642 - 4?
-646
In base 8, what is 3 - 4025?
-4022
In base 11, what is 314 - -4?
318
In base 13, what is -4 - -4c?
48
In base 3, what is -11101101 + 21?
-11101010
In base 3, what is 1222 + -1102?
120
In base 10, what is -147 - 7?
-154
In base 16, what is -83 - d?
-90
In base 4, what is 10 + 12022?
12032
In base 16, what is 1ac - 4b?
161
In base 5, what is -10 - 21032?
-21042
In base 9, what is -1 - -6046?
6045
In base 2, what is 111 + 10111101?
11000100
In base 2, what is -101111010010 + 1?
-101111010001
In base 12, what is -2 - -155?
153
In base 5, what is -322 + -10?
-332
In base 11, what is 106 + 7?
112
In base 3, what is 11121 - 1?
11120
In base 15, what is 0 + 66?
66
In base 11, what is 234 - -27?
260
In base 16, what is -9c - 1?
-9d
In base 6, what is 30 - 211?
-141
In base 7, what is -11 - -134?
123
In base 15, what is 29 + 0?
29
In base 11, what is 0 + -80?
-80
In base 11, what is -3 + -869?
-871
In base 7, what is -42 - -16?
-23
In base 10, what is -1 - 70?
-71
In base 15, what is -1b8 - 1?
-1b9
In base 4, what is 110 + 1111?
1221
In base 6, what is 42 + 133?
215
In base 4, what is 13 + -22?
-3
In base 15, what is 39c - -4?
3a1
In base 12, what is -45 - 24?
-69
In base 12, what is -61a1 + 2?
-619b
In base 11, what is -347 - 4?
-350
In base 16, what is 1 - bd7?
-bd6
In base 16, what is 2a0 - -2?
2a2
In base 16, what is -2 + -2b?
-2d
In base 10, what is 15023 + 5?
15028
In base 12, what is 1 + 42?
43
In base 16, what is 2 + ea?
ec
In base 12, what is 5 + -1584?
-157b
In base 8, what is 22 - -23?
45
In base 2, what is -10011000 - 100?
-10011100
In base 14, what is -2c + -2?
-30
In base 10, what is 2 + -42?
-40
In base 7, what is 4 + 636?
643
In base 4, what is 11303 + 0?
11303
In base 2, what is -110001 + -111?
-111000
In base 8, what is -2602 + 4?
-2576
In base 3, what is -101121 - 11?
-101202
In base 8, what is 45 + -10?
35
In base 3, what is -1 - -201?
200
In base 9, what is 5 - 63?
-57
In base 4, what is -10 + -2220?
-2230
In base 16, what is 3a - -5?
3f
In base 15, what is -22 + 1b?
-6
In base 14, what is -66 - -c?
-58
In base 6, what is 414 + -2?
412
In base 15, what is -141 - -3?
-13d
In base 9, what is 5 + -788?
-783
In base 5, what is -13210 - 10?
-13220
In base 3, what is -11210201 - -10?
-11210121
In base 14, what is -2 + -25?
-27
In base 2, what is -10110001 + 10?
-10101111
In base 5, what is 3 - 132?
-124
In base 13, what is 1 + -4a3?
-4a2
In base 12, what is 75 + -1?
74
In base 3, what is 211 + 22100?
100011
In base 15, what is -3 - 3cb?
-3ce
In base 12, what is -2b3 + -3?
-2b6
In base 11, what is 2298 + 0?
2298
In base 8, what is -1 - -71?
70
In base 14, what is -1079 + -1?
-107a
In base 16, what is -43 + 3?
-40
In base 14, what is -98 + 2c?
-6a
In base 6, what is -40 - 0?
-40
In base 4, what is 23 + -22203?
-22120
In base 2, what is 1110010010 - -10?
1110010100
In base 8, what is 0 + -657?
-657
In base 11, what is 11 - -6?
17
In base 14, what is 23 + 92?
b5
In base 3, what is -12011 - 100?
-12111
In base 6, what is 3240 + 2?
3242
In base 15, what is b + 4a?
56
In base 6, what is -20255 + 5?
-20250
In base 13, what is 3 - 20?
-1a
In base 3, what is 0 - 100?
-100
In base 7, what is 2605 + 4?
2612
In base 10, what is 0 + 5?
5
In base 5, what is 4 + 1344?
1403
In base 10, what is 63 + 289?
352
In base 5, what is 44 + 24?
123
In base 15, what is -73 - -6?
-6c
In base 7, what is -3 + 5041?
5035
In base 16, what is -2bf + 16?
-2a9
In base 6, what is -3 + -521?
-524
In base 13, what is b - c?
-1
In base 8, what is 24320 - 0?
24320
In base 2, what is 1011000011 + 0?
1011000011
In base 13, what is -11 + 2?
-c
In base 4, what is 0 + -10233?
-10233
In base 10, what is -358 - 3?
-361
In base 12, what is b - 66?
-57
In base 14, what is 49 - 3?
46
In base 16, what is -f5 + -6?
-fb
In base 9, what is 233 - 4?
228
In base 11, what is 5 - 17?
-12
In base 10, what is 80 - 9?
71
In base 3, what is 1212101102 - -10?
1212101112
In base 15, what is -2 - -ca?
c8
In base 13, what is 3 - 84?
-81
In base 13, what is -6a1 - 7?
-6a8
In base 5, what is 2 - 12102?
-12100
In base 8, what is -42 - -477?
435
In base 7, what is -1 + -220?
-221
In base 11, what is -383 + -6?
-389
In base 2, what is -100 - 101011101101?
-101011110001
In base 13, what is 15 + -33?
-1b
In base 10, what is -46 + -9?
-55
In base 16, what is 7c - -2d?
a9
In base 3, what is -1100 + -112?
-1212
In base 12, what is 61 + 5?
66
In base 2, what is -101 + -1101011111?
-1101100100
In base 11, what is -67 + -26?
-92
In base 7, what is -13 + 24?
11
In base 8, what is -5447 - 2?
-5451
In base 3, what is 20220 + 10010?
101000
In base 11, what is -1 + -3?
-4
In base 2, what is -10100101100 - -11?
-10100101001
In base 15, what is e + -a0?
-91
In base 15, what is -12 + 22?
10
In base 10, what is -9 + 1?
-8
In base 2, what is -100 + 11011001?
11010101
In base 2, what is 1101 - -1101?
11010
In base 13, what is -19 - -11?
-8
In base 16, what is 61 + -1?
60
In base 4, what is -13 + 213?
200
In base 2, what is 1001111011 + -101010?
1001010001
In base 9, what is 21 + -132?
-111
In base 8, what is -22 - -1465?
1443
In base 13, what is 4c - 28?
24
In base 7, what is 5 - -60?
65
In base 3, what is 1 - -10222202?
10222210
In base 16, what is -d4a + 1?
-d49
In base 9, what is -546 + 1?
-545
In base 15, what is 0 + -9c?
-9c
In base 4, what is -10322 + -10?
-10332
In base 13, what is -364 - 4?
-368
In base 4, what is -13 + -211?
-230
In base 11, what is -3 - -23?
20
In base 15, what is 20 - 56?
-36
In base 5, what is 3 + 240?
243
In base 6, what is -5 - -135?
130
In base 16, what is 24 - -3?
27
In base 12, what is 12 - -b0?
102
In base 10, what is -30 - -12?
-18
In base 10, what is -3188 + 5?
-3183
In base 11, what is -1 - 1?
-2
In base 7, what is 1 - -32?
33
In base 13, what is b9 - 93?
26
In base 12, what is -73 - 1?
-74
In base 9, what is -6468 - -5?
-6463
In base 6, what is -21 + -1423?
-1444
In base 11, what is 6 + 9a0?
9a6
In base 8, what is -3 - 45?
-50
In base 9, what is 42372 + -4?
42367
In base 9, what is -2 + -1500?
-1502
In base 6, what is 3 - -41001?
41004
In base 3, what is 1022 - -201?
2000
In base 6, what is 20 + 10511?
10531
In base 3, what is 10 - -1121211?
1121221
In base 2, what is 10000101110110 + 0?
10000101110110
In base 14, what is 7d + 9?
88
In base 10, what is -282 - -1?
-281
In base 13, what is 2 - 1280?
-127b
In base 8, what is 26 + -32?
-4
In base 7, what is 246 - -21?
300
In base 7, what is 1 + -120?
-116
In base 12, what is 6a3 + 5?
6a8
In base 8, what is -4 + 2663?
2657
In base 7, what is -1 + -124?
-125
In base 6, what is 101 - 2?
55
In base 15, what is 14 - 7a?
-66
In base 9, what is -3 + 1410?
1406
In base 7, what is -4 + 1222?
1215
In base 3, what is 0 + 2001210?
2001210
In base 2, what is 100110 + -111001?
-10011
In base 2, what is 10 - 100101010000?
-100101001110
In base 15, what is bc - 31?
8b
In base 10, what is -3 + -1291?
-1294
In base 3, what is -10100220 - -1?
-10100212
In base 9, what is 338 - -14?
353
In base 16, what is -45 + 19?
-2c
In base 13, what is 3ab - -5?
3b3
In base 9, what is 1 - -77?
78
In base 14, what is 3 + -479?
-476
In base 11, what is -99 + -70?
-159
In base 4, what is -132 - -202?
10
In base 8, what is -127 + 3?
-124
In base 10, what is -9 - 104?
-113
In base 16, what is 182 + -2?
180
In base 5, what is 10 - 44?
-34
In base 2, what is 10 - 10101?
-10011
In base 13, what is -85 + 4?
-81
In base 11, what is -a + -4?
-13
In base 9, what is 1 - 352?
-351
In base 7, what is -12461 + 1?
-12460
In base 7, what is -16 - 3?
-22
In base 4, what is 230 - -20?
310
In base 12, what is -84 + 7?
-79
In base 4, what is 33 - 13?
20
In base 10, what is -35454 + 3?
-35451
In base 4, what is -201 - -30?
-111
In base 3, what is -11210 + 2?
-11201
In base 2, what is 101 + 1000?
1101
In base 5, what is 3323 - 10?
3313
In base 9, what is -7 + 3?
-4
In base 3, what is 1012122 + 10?
1012202
In base 4, what is 202211 - 1?
202210
In base 3, what is 210011 - -12?
210100
In base 5, what is -131 + 41?
-40
In base 4, what is -11 - -20?
3
In base 2, what is -11 - 1101000111?
-1101001010
In base 13, what is 2 + -443?
-441
In base 3, what is